*2/2 - 2*o + 396. Calculate m(2).
27
Suppose 5*n = -l - 8 - 5, -4*n = 2*l + 26. Let v(o) = o**3 + 12*o**2 - 11*o + 27. Give v(l).
1
Let x(f) = 3*f - 3*f + 26 + f**2 - 20. Let q be x(0). Let n(a) = a**3 - 5*a**2 - 4*a - 5. Determine n(q).
7
Let d(m) = m**2 + m - 14. Let t(u) = 2*u**2 + u - 29. Let z(x) = 7*d(x) - 4*t(x). Calculate z(8).
-22
Let j be -3 + (-14 - (0 + -3)). Suppose 0*a = -2*a + 26. Let s = j + a. Let o(y) = y**3 + y**2 + y. Give o(s).
-1
Let w(o) = 3*o + 10. Let r(a) = -4*a - 13. Let c(b) = 2*r(b) + 3*w(b). Determine c(-2).
2
Let c = -2 - -4. Suppose 3 + 5 = c*p. Let g(n) = -n - 4. What is g(p)?
-8
Let a be 22/(-143) + (-1850)/(-26). Suppose 4*b - 4*r = -b + a, 2*b - 18 = -r. Let k(j) = j - 16. Give k(b).
-5
Let g(a) = -18*a. Let k(b) = -89*b - 7. Let h(s) = 5*g(s) - k(s). Let y = 10 - 3. Give h(y).
0
Let h = -18 - -32. Suppose -z = -h*z + 52. Let u(o) = -5*o + 5. What is u(z)?
-15
Let q(m) = 30*m**2 - 2*m + 1. Let j be -10 + 7 + (1 - -3). Give q(j).
29
Let b(k) = -7*k**3 + 2*k**2 + 2*k + 1. Let a be ((-2)/12)/(10/(-60)). Let y be 0/((-2)/(2/a)). Let u = y - 1. Give b(u).
8
Suppose 0 = -4*y + 5*y + 2. Let k(j) = 11*j**2 + 2. Let r(d) = -5*d**2 - 1. Let w(l) = y*k(l) - 5*r(l). Let h(o) = o**2. Let s(b) = 5*h(b) - 2*w(b). Give s(3).
-11
Let g(n) = 7*n - 9. Let p(u) = 4*u - 9. Let q(o) = 2*g(o) - 3*p(o). What is q(-10)?
-11
Suppose -3*l - 2*v - 10 = 0, -28 = -3*l + 5*l - 4*v. Let c(i) = -4*i**2 - 5*i - 14. Let p(f) = 5*f**2 + 5*f + 15. Let q(z) = l*c(z) - 5*p(z). What is q(7)?
-5
Let x(l) = 24*l - 367. Let j be x(15). Let w(a) = -2*a**2 - 12*a - 14. Give w(j).
-28
Suppose -3*u = v - 12, 2*u - u = 5*v - 12. Let a(t) = v + 3 - 5 - 7*t. What is a(-1)?
8
Let c be 4 + ((-1144)/192 - -2). Let f(b) be the third derivative of 0 + 0*b + 0*b**3 - 3*b**2 + 1/60*b**5 + c*b**4. Give f(1).
2
Suppose 2*b = -2*b + 4. Let n(c) be the first derivative of 5*c**2 + c - 2. Calculate n(b).
11
Let n(c) = 0*c + 0 - c**3 + 2*c - 5 + 6*c**2. Let v = 8 - 16. Let f be (-42)/v - 3/(-4). Determine n(f).
7
Let l(y) be the third derivative of -y**6/120 + y**5/30 + y**4/12 - y**3/6 + 17*y**2. Give l(-2).
11
Let y = 10 - 5. Suppose y*a = 20, -m = -4*m + 2*a - 2. Let n(g) = g - 2*g - g**m - 3*g. Give n(-5).
-5
Let s(g) be the second derivative of g**4/6 + 3*g**3/2 - g**2 - 105*g. Give s(-4).
-6
Let w be (-40)/7 - (-2)/(-7). Let r(h) = h**2 - 9*h - 6. Let g(x) = 2*x**2 - 23*x - 13. Let a(m) = 3*g(m) - 7*r(m). Give a(w).
3
Let f(b) = -b + 12. Let n = 323 + -311. What is f(n)?
0
Suppose 4*l - 49 + 13 = 0. Let i = -8 + l. Let f(p) = 4*p. Determine f(i).
4
Let t(p) = -p - 1. Let u be t(-3). Let l(o) = -3*o. Suppose -2*m + 0*m - 2 = 0. Let c(h) = -h. Let f(n) = m*l(n) + u*c(n). What is f(3)?
3
Let t(o) = o + 2. Let a be (7 + 0)*(0 - 4). Let h be ((-1)/2)/((-1)/a). Let q = h + 9. What is t(q)?
-3
Let z(x) be the first derivative of -x**3/3 - x**2 + x + 219. Suppose -3*y - 4 = 3*w + 8, -4*y - 12 = 2*w. Calculate z(y).
1
Let y = 323 + -323. Let k(h) = -h**2 + 3*h + 3. What is k(y)?
3
Suppose -w = -15*w - 168. Let j(p) = 2*p + 8. Calculate j(w).
-16
Let b(m) = -m**2 + 3*m + 2. Let l be 7/(28/8) + 8. Suppose -4*a - a = 0. Suppose -q = 5*p - l, q - 5*q + p + 19 = a. Calculate b(q).
-8
Suppose 5*l = -2*y - 2, 4*l + 0*l + y + 1 = 0. Let b be ((7 - l) + -1)*1. Let g(s) = -7*s + 5. Let z(f) = 6*f - 4. Let m(h) = 5*g(h) + 6*z(h). What is m(b)?
7
Let g(r) = r**3 - 10*r**2 + 4*r + 2. Let u(k) = 2*k**3 - 19*k**2 + 7*k + 5. Let h(n) = 5*g(n) - 3*u(n). Give h(5).
40
Let p(r) be the third derivative of -r**5/60 - r**4/6 - 2*r**3/3 + r**2 - 18*r. Calculate p(-6).
-16
Let q(r) = r**2 - 3*r - 1. Let i be q(-2). Let l(k) = -k**3 + 9*k**2 - k + 5. Give l(i).
-4
Let b(z) be the second derivative of 1/60*z**5 + 3/2*z**2 - 1/6*z**3 + 0*z**4 + 12*z + 0. Let u(t) be the first derivative of b(t). Determine u(0).
-1
Let d(o) = -2*o - 1. Let n(r) = 2*r**2 + 11*r + 1. Let s(a) = -4*d(a) - n(a). Let x = -9 + 6. Determine s(x).
-6
Let o = -54 - -51. Let d(f) = f**2 + 2*f + 3. Determine d(o).
6
Let k(x) = x**3 - 6*x**2 - 6*x - 5. Let a be k(7). Suppose -a*u + 3*u = 4. Let l(h) = 4*h - 4 + 2 - 4. Calculate l(u).
10
Let z(s) = -1458*s - 7 - s**2 + 1458*s. Give z(0).
-7
Let x(j) be the first derivative of -j**7/840 + j**6/72 - j**5/30 + j**4/6 + 5*j**3/3 - 1. Let q(u) be the third derivative of x(u). Give q(4).
4
Let m(p) = 14*p - 5. Let d(f) = 6*f - 2. Let t(v) = 10*d(v) - 4*m(v). Determine t(-3).
-12
Let s be (-9)/54 + (-1)/((-6)/(-5)). Let j(y) = -2*y. Calculate j(s).
2
Suppose g = 1 - 11. Let i be (g/(-15))/(1/3). Let s(m) = 2*m + 0*m**i - m**3 - 4*m + 4*m**2. Give s(3).
3
Let b(a) = -3*a. Let p be b(-2). Let i(m) = -m**2 - p - m**3 + 8 + 0 + 4*m. Calculate i(-3).
8
Let o(d) = -d**2 + 5*d. Let y = -745 - -749. What is o(y)?
4
Let u(x) be the third derivative of -x**6/120 + 7*x**5/60 + x**4/3 + x**3/6 + 54*x**2. Determine u(8).
1
Let m(f) = f - 5. Let s(q) = -q + 6. Let n(o) = -4*m(o) - 3*s(o). Suppose 2*v - 4 = -2*b + 10, b = -5*v + 3. Let z(l) = -l + 8. Let h be z(b). Give n(h).
2
Let g(v) = -v**3 - 8*v**2 - 7*v + 9. Suppose 2*q = -3 + 9. Suppose 5*l - 2 = y - 0, 4*l + 25 = -q*y. Calculate g(y).
9
Let r(m) = 5*m - 1149 + 1149 + 2*m**2. Give r(-6).
42
Let p(m) = -10*m**3 + 12*m**2 + 7*m - 6. Let q(g) = 7*g**3 - 8*g**2 - 5*g + 4. Let t(y) = -5*p(y) - 7*q(y). Let s = 31 - 21. Let d = s - 6. What is t(d)?
2
Suppose 0*g + 56 = 7*g. Let j(y) = -y**2 - 6*y**2 + 3*y + y**3 - 3 - 11*y + 0*y**2. Give j(g).
-3
Suppose 0 = -12*x + 1 - 13. Let o(t) = -2*t + 4. Give o(x).
6
Let k(d) = -4*d - 14. Let u be k(-4). Let f(l) = -5*l**u + 501 + 5*l + l**3 + 2*l - 499 - 4*l. Calculate f(3).
-7
Let z(w) = -3*w - 3. Let a be z(-5). Suppose a = 3*s + s. Let r(i) = 38*i - 133. Let n(k) = -17*k + 59. Let c(u) = -9*n(u) - 4*r(u). Determine c(s).
4
Let h = 9 + -4. Let p(b) = b**2 + 7. Let o(w) = -3*w**2 + w - 15. Let j(y) = 2*o(y) + 5*p(y). Determine j(h).
-10
Let m = -315 - -314. Let t(o) = -2*o - 3. Suppose -2*q = -7*q + 35. Let v(i) = 3*i + 5. Let u(n) = q*t(n) + 4*v(n). What is u(m)?
1
Let y(q) be the first derivative of -q**7/56 + q**6/180 - q**5/120 + 5*q**3/3 - 9. Let t(k) be the third derivative of y(k). Give t(1).
-14
Suppose -f - 4*f + 50 = 0. Let k be 1/(-2)*(f + -4). Let l(r) = r**3 + 2*r**2 - 5*r - 4. What is l(k)?
2
Let k(d) = -30*d**2 - 3*d + 2. Suppose -19*b - 1 = -3*j - 18*b, 5*j + 3*b = 11. What is k(j)?
-31
Let o(t) be the third derivative of -t**4/24 - 5*t**3/2 + 23*t**2. What is o(-10)?
-5
Let o = 27 + -16. Suppose -3*n = -o - 4. Let b(y) be the third derivative of -y**6/120 + y**5/15 + y**4/6 - 2*y**3/3 - y**2. Calculate b(n).
-9
Suppose 5*c = 3*c + 10. Let j(z) = -5 + 3 + 5 + 0*z**2 - c*z + 2*z**2. Give j(3).
6
Suppose 5*k + 17*k = 132. Let w(j) = j**3 - 8*j**2 + 2*j + 5. Calculate w(k).
-55
Let a = -14 + 12. Suppose -4*l + 23 = 3. Let h(c) = 2*c + 7 - l - 1. Give h(a).
-3
Suppose -151*i = -142*i - 36. Let j(r) = -r**3 + 3*r**2. Give j(i).
-16
Let z(p) be the second derivative of p**4/12 - p**3 - 3*p**2/2 + 476*p - 1. What is z(3)?
-12
Let k(n) = n - 1. Let h(s) = 4*s + 1. Let d(z) = 1. Let c(b) = -2*d(b) + h(b). Let f(i) = c(i) - 5*k(i). Give f(3).
1
Let t(j) be the second derivative of j**5/20 + 5*j**4/12 + j**3/2 - 2*j**2 + 49*j. What is t(-3)?
5
Let c(f) be the first derivative of f**3/3 - 7*f**2/2 + 6*f - 30. Determine c(5).
-4
Let k(t) be the third derivative of t**4/3 - t**3/2 - 7*t**2. Give k(-5).
-43
Let f(b) be the second derivative of -b**8/6720 - b**7/420 - b**6/144 - b**5/30 - 5*b**4/4 - 10*b. Let c(y) be the third derivative of f(y). What is c(-5)?
-4
Let r(w) = w**2. Let o(f) = 3*f + 3. Let v(p) = -o(p) - 2*r(p). Calculate v(-4).
-23
Let a(d) = -2*d + 1. Let x = 118 + -125. What is a(x)?
15
Let n be (-2 - -1) + 2 + 9. Suppose n = 8*w - 3*w. Let k(h) = 6 + 3*h**2 - 6 - h**w. Determine k(1).
2
Let s(i) be the third derivative of -i**5/60 + i**4/6 + 3*i**3/2 + 35*i**2 + 2*i. Calculate s(5).
4
Let p(f) be the first derivative of f**4/4 + 14*f**3/3 - 5*f - 400. What is p(-14)?
-5
Let h(c) = -6*c - 39. Let l be (161/(-69))/(5/15). Determine h(l).
3
Let o(p) = 26 + 26*p - 8 + 28*p - 55*p. Determine o(0).
18
Let k(u) = u**3 + 6*u**2 + 3*u + 5. Let d = 16 + -22. Determine k(d).
-13
Let d(f) be the t